when 474 is divided by 14?
12
What is the remainder when 829 is divided by 105?
94
Calculate the remainder when 598 is divided by 100.
98
What is the remainder when 577 is divided by 32?
1
Calculate the remainder when 1338 is divided by 106.
66
Calculate the remainder when 558 is divided by 40.
38
Calculate the remainder when 256 is divided by 61.
12
Calculate the remainder when 2626 is divided by 439.
431
Calculate the remainder when 1359 is divided by 271.
4
What is the remainder when 140 is divided by 36?
32
What is the remainder when 110 is divided by 8?
6
What is the remainder when 1429 is divided by 53?
51
Calculate the remainder when 93 is divided by 8.
5
What is the remainder when 111 is divided by 6?
3
What is the remainder when 14300 is divided by 292?
284
Calculate the remainder when 764 is divided by 379.
6
What is the remainder when 154 is divided by 18?
10
What is the remainder when 99 is divided by 55?
44
Calculate the remainder when 119 is divided by 40.
39
What is the remainder when 121 is divided by 60?
1
Calculate the remainder when 162 is divided by 77.
8
Calculate the remainder when 478 is divided by 32.
30
Calculate the remainder when 346 is divided by 16.
10
Calculate the remainder when 69 is divided by 18.
15
Calculate the remainder when 392 is divided by 63.
14
Calculate the remainder when 89 is divided by 19.
13
What is the remainder when 240 is divided by 41?
35
Calculate the remainder when 3770 is divided by 92.
90
What is the remainder when 91 is divided by 52?
39
Calculate the remainder when 214 is divided by 11.
5
What is the remainder when 389 is divided by 5?
4
What is the remainder when 396 is divided by 6?
0
Calculate the remainder when 866 is divided by 15.
11
What is the remainder when 418 is divided by 12?
10
Calculate the remainder when 536 is divided by 237.
62
Calculate the remainder when 59 is divided by 30.
29
What is the remainder when 34 is divided by 8?
2
What is the remainder when 907 is divided by 13?
10
Calculate the remainder when 396 is divided by 390.
6
What is the remainder when 1480 is divided by 13?
11
What is the remainder when 180 is divided by 63?
54
Calculate the remainder when 1376 is divided by 108.
80
What is the remainder when 791 is divided by 66?
65
Calculate the remainder when 6404 is divided by 89.
85
What is the remainder when 278 is divided by 20?
18
What is the remainder when 655 is divided by 341?
314
Calculate the remainder when 347 is divided by 14.
11
Calculate the remainder when 102 is divided by 35.
32
What is the remainder when 143 is divided by 42?
17
Calculate the remainder when 989 is divided by 30.
29
What is the remainder when 1116 is divided by 11?
5
Calculate the remainder when 237 is divided by 57.
9
Calculate the remainder when 264 is divided by 19.
17
What is the remainder when 26 is divided by 22?
4
Calculate the remainder when 299 is divided by 17.
10
What is the remainder when 528 is divided by 33?
0
Calculate the remainder when 1275 is divided by 6.
3
Calculate the remainder when 2032 is divided by 669.
25
What is the remainder when 63 is divided by 44?
19
Calculate the remainder when 713 is divided by 88.
9
Calculate the remainder when 9697 is divided by 13.
12
What is the remainder when 141 is divided by 9?
6
What is the remainder when 197 is divided by 18?
17
What is the remainder when 215 is divided by 71?
2
What is the remainder when 193 is divided by 13?
11
What is the remainder when 52 is divided by 4?
0
Calculate the remainder when 139 is divided by 123.
16
Calculate the remainder when 634 is divided by 20.
14
What is the remainder when 1091 is divided by 73?
69
Calculate the remainder when 84 is divided by 22.
18
What is the remainder when 383 is divided by 97?
92
Calculate the remainder when 165 is divided by 24.
21
Calculate the remainder when 120 is divided by 36.
12
What is the remainder when 6022 is divided by 19?
18
What is the remainder when 220 is divided by 38?
30
What is the remainder when 157 is divided by 79?
78
What is the remainder when 155 is divided by 121?
34
What is the remainder when 2236 is divided by 734?
34
Calculate the remainder when 167 is divided by 71.
25
What is the remainder when 2312 is divided by 576?
8
Calculate the remainder when 565 is divided by 137.
17
What is the remainder when 2175 is divided by 121?
118
Calculate the remainder when 173 is divided by 3.
2
What is the remainder when 29 is divided by 8?
5
What is the remainder when 92 is divided by 43?
6
What is the remainder when 338 is divided by 18?
14
Calculate the remainder when 455 is divided by 117.
104
Calculate the remainder when 89 is divided by 27.
8
Calculate the remainder when 29967 is divided by 8.
7
What is the remainder when 732 is divided by 92?
88
Calculate the remainder when 271 is divided by 23.
18
Calculate the remainder when 338 is divided by 111.
5
What is the remainder when 65 is divided by 46?
19
What is the remainder when 118 is divided by 102?
16
What is the remainder when 1896 is divided by 19?
15
What is the remainder when 355 is divided by 91?
82
What is the remainder when 1662 is divided by 118?
10
What is the remainder when 44 is divided by 19?
6
What is the remainder when 1775 is divided by 71?
0
Calculate the remainder when 141 is divided by 11.
9
Calculate the remainder when 395 is divided by 147.
101
Calculate the remainder when 321 is divided by 78.
9
Calculate the remainder when 258 is divided by 29.
26
Calculate the remainder when 833 is divided by 139.
138
What is the remainder when 51 is divided by 11?
7
Calculate the remainder when 412 is divided by 15.
7
What is the remainder when 1017 is divided by 112?
9
What is the remainder when 376 is divided by 260?
116
Calculate the remainder when 106 is divided by 61.
45
What is the remainder when 979 is divided by 149?
85
Calculate the remainder when 719 is divided by 12.
11
What is the remainder when 2711 is divided by 194?
189
What is the remainder when 5691 is divided by 6?
3
What is the remainder when 666 is divided by 269?
128
What is the remainder when 245 is divided by 59?
9
What is the remainder when 36158 is divided by 40?
38
Calculate the remainder when 24 is divided by 18.
6
Calculate the remainder when 142 is divided by 128.
14
Calculate the remainder when 107 is divided by 30.
17
What is the remainder when 402 is divided by 87?
54
Calculate the remainder when 209 is divided by 42.
41
What is the remainder when 934 is divided by 6?
4
What is the remainder when 86 is divided by 11?
9
What is the remainder when 84 is divided by 39?
6
What is the remainder when 3226 is divided by 1610?
6
Calculate the remainder when 317 is divided by 23.
18
Calculate the remainder when 260 is divided by 89.
82
Calculate the remainder when 318 is divided by 16.
14
What is the remainder when 594 is divided by 68?
50
Calculate the remainder when 178 is divided by 6.
4
What is the remainder when 22998 is divided by 211?
210
Calculate the remainder when 362 is divided by 115.
17
Calculate the remainder when 17 is divided by 11.
6
Calculate the remainder when 815 is divided by 208.
191
What is the remainder when 1732 is divided by 17?
15
What is the remainder when 650 is divided by 93?
92
Calculate the remainder when 518 is divided by 133.
119
What is the remainder when 45253 is divided by 374?
373
What is the remainder when 1773 is divided by 255?
243
Calculate the remainder when 702 is divided by 69.
12
Calculate the remainder when 988 is divided by 31.
27
Calculate the remainder when 47 is divided by 26.
21
What is the remainder when 107 is divided by 59?
48
What is the remainder when 14 is divided by 9?
5
What is the remainder when 493 is divided by 151?
40
Calculate the remainder when 116 is divided by 50.
16
What is the remainder when 7798 is divided by 52?
50
Calculate the remainder when 1006 is divided by 291.
133
Calculate the remainder when 86 is divided by 51.
35
Calculate the remainder when 16198 is divided by 200.
198
What is the remainder when 2857 is divided by 20?
17
What is the remainder when 238 is divided by 126?
112
What is the remainder when 329 is divided by 87?
68
Calculate the remainder when 4898 is divided by 10.
8
Calculate the remainder when 856 is divided b